
False
Is 3 a factor of 132?
True
Does 8 divide 1512?
True
Is 13 a factor of 21752?
False
Is 4 a factor of 2176?
True
Is 875 a multiple of 25?
True
Is 2760 a multiple of 11?
False
Is 74499 a multiple of 28?
False
Is 1976 a multiple of 26?
True
Does 75 divide 3527?
False
Does 9 divide 2304?
True
Is 55 a factor of 712?
False
Does 76 divide 29929?
False
Does 37 divide 2923?
True
Is 644 a multiple of 13?
False
Does 106 divide 636?
True
Does 39 divide 7059?
True
Is 1222 a multiple of 8?
False
Does 9 divide 162?
True
Is 3 a factor of 21?
True
Is 8450 a multiple of 65?
True
Is 6 a factor of 1655?
False
Is 1190 a multiple of 7?
True
Is 3 a factor of 3602?
False
Does 57 divide 8208?
True
Is 100 a multiple of 5?
True
Is 56 a factor of 208?
False
Is 53 a factor of 699?
False
Is 990 a multiple of 33?
True
Is 1840 a multiple of 46?
True
Does 50 divide 11357?
False
Does 111 divide 4050?
False
Does 90 divide 44645?
False
Does 6 divide 14606?
False
Is 897 a multiple of 36?
False
Is 747 a multiple of 11?
False
Is 25 a factor of 3466?
False
Is 37 a factor of 9213?
True
Is 250 a multiple of 36?
False
Does 154 divide 21714?
True
Is 3269 a multiple of 137?
False
Is 14 a factor of 676?
False
Is 6123 a multiple of 71?
False
Is 808 a multiple of 31?
False
Does 14 divide 7798?
True
Is 2280 a multiple of 12?
True
Does 28 divide 1680?
True
Does 3 divide 111?
True
Is 3 a factor of 3220?
False
Is 6334 a multiple of 87?
False
Does 8 divide 3432?
True
Does 24 divide 744?
True
Does 98 divide 1104?
False
Is 33 a factor of 430?
False
Does 65 divide 45760?
True
Does 5 divide 400?
True
Is 10695 a multiple of 73?
False
Does 7 divide 6635?
False
Does 59 divide 118?
True
Does 28 divide 644?
True
Does 30 divide 75150?
True
Is 10 a factor of 845?
False
Is 4296 a multiple of 12?
True
Is 55 a factor of 28855?
False
Is 8056 a multiple of 38?
True
Does 56 divide 8356?
False
Is 2466 a multiple of 86?
False
Is 14 a factor of 2170?
True
Is 3690 a multiple of 11?
False
Does 34 divide 3174?
False
Is 3 a factor of 399?
True
Does 27 divide 827?
False
Is 3200 a multiple of 4?
True
Is 38 a factor of 3586?
False
Does 10 divide 143?
False
Is 132 a factor of 31670?
False
Is 17 a factor of 2835?
False
Is 16100 a multiple of 46?
True
Is 41 a factor of 7403?
False
Is 13 a factor of 1911?
True
Does 8 divide 299?
False
Does 4 divide 1652?
True
Does 49 divide 107751?
True
Does 11 divide 569?
False
Is 202 a factor of 26462?
True
Is 22 a factor of 1078?
True
Is 4049 a multiple of 71?
False
Does 36 divide 1224?
True
Does 14 divide 1064?
True
Is 59 a factor of 767?
True
Is 15 a factor of 515?
False
Does 75 divide 375?
True
Is 13124 a multiple of 234?
False
Is 2 a factor of 631?
False
Is 23646 a multiple of 42?
True
Is 1453 a multiple of 28?
False
Does 15 divide 10895?
False
Is 105 a factor of 22995?
True
Does 23 divide 7478?
False
Does 4 divide 202?
False
Does 33 divide 2458?
False
Is 3234 a multiple of 14?
True
Does 19 divide 189?
False
Is 17707 a multiple of 98?
False
Does 27 divide 3942?
True
Is 11 a factor of 1625?
False
Is 14 a factor of 69276?
False
Does 124 divide 7068?
True
Is 432 a multiple of 9?
True
Is 21114 a multiple of 17?
True
Is 69 a factor of 713?
False
Does 160 divide 13120?
True
Is 3 a factor of 211?
False
Is 654 a multiple of 109?
True
Does 3 divide 33?
True
Is 1760 a multiple of 5?
True
Does 7 divide 301?
True
Is 3634 a multiple of 23?
True
Does 195 divide 15015?
True
Does 74 divide 17094?
True
Does 9 divide 1719?
True
Is 1609 a multiple of 20?
False
Does 26 divide 7436?
True
Is 48380 a multiple of 59?
True
Does 35 divide 3150?
True
Does 27 divide 3069?
False
Is 38 a factor of 4066?
True
Does 11 divide 22?
True
Is 24 a factor of 24860?
False
Is 38700 a multiple of 150?
True
Is 9 a factor of 59516?
False
Is 60942 a multiple of 42?
True
Is 990 a multiple of 99?
True
Does 13 divide 404?
False
Is 131556 a multiple of 114?
True
Is 2263 a multiple of 8?
False
Is 334 a multiple of 30?
False
Is 589 a multiple of 6?
False
Is 3 a factor of 378?
True
Is 89 a factor of 23398?
False
Does 10 divide 23370?
True
Is 21 a factor of 15918?
True
Is 7577 a multiple of 11?
False
Is 2605 a multiple of 135?
False
Is 47 a factor of 153?
False
Is 3278 a multiple of 26?
False
Does 5 divide 446?
False
Is 7 a factor of 1593?
False
Is 1139 a multiple of 29?
False
Does 8 divide 23032?
True
Is 19 a factor of 1296?
False
Is 5336 a multiple of 116?
True
Is 18 a factor of 864?
True
Is 43 a factor of 13782?
False
Is 19 a factor of 617?
False
Is 31 a factor of 80739?
False
Is 3841 a multiple of 23?
True
Is 3739 a multiple of 11?
False
Is 31 a factor of 40431?
False
Is 20 a factor of 2700?
True
Is 5 a factor of 376?
False
Is 6348 a multiple of 6?
True
Does 2 divide 75?
False
Is 10937 a multiple of 74?
False
Is 31 a factor of 58494?
False
Does 26 divide 425?
False
Is 4 a factor of 2097?
False
Is 85 even?
False
Is 23 a factor of 1932?
True
Is 10 a factor of 11055?
False
Is 1236 a multiple of 34?
False
Is 397 a multiple of 6?
False
Is 75 a factor of 3779?
False
Is 9 a factor of 70461?
True
Does 9 divide 2832?
False
Does 66 divide 528?
True
Does 71 divide 5055?
False
Does 15 divide 12292?
False
Is 927 a multiple of 9?
True
Does 122 divide 13786?
True
Is 43 a factor of 5762?
True
Is 93 a factor of 11625?
True
Does 19 divide 1311?
True
Is 161 a multiple of 34?
False
Does 10 divide 340?
True
Is 39 a factor of 43797?
True
Does 54 divide 28674?
True
Is 8252 a multiple of 67?
False
Does 58 divide 737?
False
Does 26 divide 7410?
True
Is 3 a factor of 3159?
True
Is 12677 a multiple of 7?
True
Is 11468 a multiple of 47?
True
Is 60 a multiple of 5?
True
Does 4 divide 479?
False
Is 2168 a multiple of 6?
False
Does 21 divide 294?
True
Is 95237 a multiple of 50?
False
Does 12 divide 607?
False
Is 34 a factor of 6188?
True
Does 25 divide 4125?
True
Is 27 a multiple of 3?
True
Does 39 divide 1248?
True
Is 117 a factor of 15861?
False
Does 2 divide 3021?
False
Is 160 a multiple of 5?
True
Is 23 a factor of 667?
True
Is 9500 a multiple of 20?
True
Is 5244 a multiple of 10?
False
Is 95 a factor of 8360?
True
Is 17 a factor of 624?
False
Is 16 a factor of 768?
True
Does 5 divide 570?
True
Is 4 a factor of 1652?
True
Does 7 divide 519?
False
Does 26 divide 3191?
False
Is 15 a factor of 1227?
False
Is 45 a factor of 2340?
True
Is 624 a multiple of 16?
True
Is 1555 a multiple of 30?
False
Is 13 a factor of 3101?
False
Does 112 divide 13871?
False
Does 4 divide 10574?
False
Is 2901 a multiple of 89?
False
Does 20 divide 368?
False
Is 7422 a multiple of 105?
False
Does 4 divide 8814?
False
Is 31 a factor of 2356?
True
Is 124 a multiple of 4?
True
Does 72 divide 4680?
True
Does 7 divide 157?
False
Does 110 divide 3485?
False
Is 129 a multiple of 18?
False
Does 123 divide 21402?
True
Is 781 a multiple of 26?
False
Does 83 divide 7387?
True
Does 19 divide 1365?
False
Is 43 a factor of 2216?
False
Is 11 a factor of 65571?
True
Is 3984 a multiple of 83?
True
Is 12 a factor of 617?
False
Is 15 a factor of 44907?
False
Is 18 a factor of 1092?
False
Does 37 divide 85?
False
Does 17 divide 4246?
False
Is 3 a factor of 8580?
True
Is 10 a factor of 750?
True
Does 58 divide 1084?
False
Is 27 a factor of 729?
True
Is 99 a multiple of 11?
True
Is 28 a factor of 170?
False
Is 1012 a multiple of 92?
True
Is 185 a factor of 11043?
False
Is 91 a multiple of 13?
True
Does 32 divide 11923?
False
Is 85 a factor of 9265?
True
Does 89 divide 31595?
True
Is 74 a factor of 33649?
False
Does 20 divide 2980?
True
Does 8 divide 95?
False
Does 160 divide 29982?
False
Is 130 a multiple of 13?
True
Does 28 divide 21979?
False
Is 15 a factor of 32?
False
Does 45 divide 5666?
False
Is 13 a factor of 11479?
True
Does 69 divide 690?
True
Is 34 a factor of 2958?
True
Does 166 divide 9318?
False
Is 777 a multiple of 3?
True
Is 4 a factor of 5838?
False
Is 145 a factor of 7666?
False
Is 6240 a multiple of 20?
True
Does 123 divide 9594?
True
Is 18038 a multiple of 58?
True
Is 3601 a multiple of 16?
False
Does 15 divide 3391?
False
Is 1202 a multiple of 22?
False
Is 127 a factor of 13938?
False
Does 54 divide 21816?
True
Is 212 a factor of 80560?
True
Does 26 divide 195?
False
Does 54 divide 13608?
True
Is 2235 a multiple of 2?
False
Is 12 a factor of 1188?
True
Does 8 divide 124?
False
